f m?
1
Suppose -5*l - 17 = p, 1 = -5*p - 2*l - 2*l. What is the hundreds digit of p*(-14)/35*290/(-3)?
1
Suppose -3*n - 82 = 3*i - 4*i, 0 = 3*i + 4*n - 207. Let w = 110 - i. What is the tens digit of w?
3
Suppose 11*p = 10*p + 4. Suppose q + p = 0, -2*q = -3*n - 3*q + 164. What is the units digit of n?
6
What is the hundreds digit of 890 - (-4 + -6 + 5)?
8
Suppose 3*b - 4*b + p + 254 = 0, 1260 = 5*b - 3*p. Suppose 4*h - b - 191 = 0. What is the hundreds digit of h?
1
Let n = 383 - -1061. What is the thousands digit of n?
1
Let f(h) = -2*h**3 + 9*h + 9. What is the tens digit of f(-6)?
8
Let j be -27*(-3 + 0 + 0). Let b(n) = -n**2 + 12*n - 15. Let l be b(10). Suppose l*x = j + 54. What is the tens digit of x?
2
Let h(k) = -16*k**3 + 32*k**2 + 4*k - 7. What is the hundreds digit of h(-5)?
7
Let t = 4159 - 1169. What is the tens digit of t?
9
Let k be (1 - 1 - 3) + 9. Suppose 4*j = k*j + x - 21, 9 = 2*j + 5*x. What is the tens digit of (-6)/j*-19*4?
3
Let r be 6/((-1)/334*-2). Suppose w - r = -5*w. What is the hundreds digit of w?
1
What is the hundreds digit of 3916 + 6 + (-4 - -7)?
9
Suppose 0 = -2*z - 5*b + 1, 2*z + 0*b = -4*b + 6. Let x = 5 - z. Let o = x - -15. What is the units digit of o?
7
What is the units digit of 396/33*6/32*520?
0
Let q = 2 - -2. Suppose -q*f + j = -292, 1 + 7 = -2*j. What is the units digit of f?
2
Let y be 2/4 - 30/12. Let d be -1*(-3 + (-4)/y). What is the tens digit of (d/(-3))/(2/(-138))?
2
Suppose -3*c + 2*k = 6, -3*c - 1 - 5 = k. Let m = c + 31. What is the units digit of m?
9
What is the units digit of 40034/36 - (-6)/(-108)?
2
Suppose -4*r = -0*g - 4*g + 60, 0 = -2*g + 4*r + 30. What is the tens digit of g?
1
Let p be -3 - 3/(-1) - -2. Suppose 0 = p*s + 2*s - 144. What is the units digit of s?
6
Let l(y) = -2*y**2 + 58*y - 32. Let a be l(30). Let u = a - -102. What is the units digit of u?
0
Let m = 69 - 52. What is the units digit of m*(7 + -3 + 9)?
1
Suppose -5*r = -9*r + 2*m + 532, 0 = -m. What is the tens digit of r?
3
Let f(a) = -26*a + 24. Let z be f(11). Let d = -53 - z. What is the tens digit of d?
0
Suppose 0 = -23*o + 17*o + 102. Let w be (-111)/(-6) + (-1)/2. Let u = w - o. What is the units digit of u?
1
Suppose 13*g - 40124 = -15*g. What is the hundreds digit of g?
4
Let g(m) = -m + 2. Let c be g(-5). Suppose 563 = c*r - 683. What is the units digit of r?
8
Suppose -3*a - 5*a + 4*a = 0. Suppose a*f - 15 = -5*f. What is the units digit of f?
3
Suppose 3*l = p - 48, -7*l + 184 = 3*p - 8*l. What is the tens digit of p?
6
Let l(h) = 82*h - 306. What is the units digit of l(20)?
4
Let c = -55 + 91. Suppose 5*i = -3*w + 22, 2 + 4 = 4*w - 5*i. What is the tens digit of 9/c + 95/w?
2
Let d be ((-87)/2)/((-21)/112). Suppose -3*f - 5*c = f - 240, 3*c = -4*f + d. Let o = f - 39. What is the units digit of o?
6
Suppose 0 = 5*w - 1614 + 334. What is the tens digit of w?
5
Let o(v) = v**3 + v**2 - 7*v - 1. Suppose -7*t + 2*t - 25 = 0. Let l be o(t). What is the tens digit of (-2)/(-11) - 780/l?
1
Let z(m) = 7*m**2 - 8*m - 18. Let b(d) = 6*d**2 - 8*d - 17. Let j(h) = -6*b(h) + 5*z(h). Suppose -12*f + 55 = -29. What is the tens digit of j(f)?
1
Suppose -5*p + 14 + 11 = 0. Let u be ((-16)/20)/((-1)/p). Suppose 3*q - 21 = -2*t, -2*q + 34 = u*t - t. What is the tens digit of t?
1
Let c = -117 + 6. Let h = c - -56. Let d = -32 - h. What is the units digit of d?
3
What is the tens digit of 4613/13 + (-24)/(-156)?
5
Let i be (5/(-20) + (-21)/(-12))*2. Suppose -200 = -i*k - 2*k. What is the tens digit of k?
4
Let b = 1431 + -1406. What is the tens digit of b?
2
Suppose 0 = -3*y + 4*y - 4*m - 56, -4*m = 4*y - 204. Suppose -2*c + 64 + y = 0. Let d = c + -33. What is the units digit of d?
5
Let v = 425 + -303. Let x = v + -67. What is the units digit of x?
5
Let z(a) = a**3 + 2*a**2 - 10*a - 5. Let k be z(-4). Suppose n - 24 = -k. What is the tens digit of n?
2
Let d be -4*4/(8/9). Let c be (-2)/d + 17/9. Suppose -c = 4*p + 14, 3*x - 3*p = 96. What is the units digit of x?
8
Let x = 2114 - 134. What is the units digit of x?
0
Suppose 2*o = -4*v - 1 - 9, 3*o - 5 = -v. Let b = 0 + o. Suppose -b*k = k - 80. What is the tens digit of k?
2
Suppose -2 = 4*u - 6. Let b = 26 - u. Suppose 2*t + b - 153 = 0. What is the tens digit of t?
6
Let n(q) = 383*q**2 + 6*q + 15. What is the units digit of n(-3)?
4
Suppose -73 = 5*t - 8. Let y = -10 - t. Suppose -6*q + y*q = -33. What is the tens digit of q?
1
Suppose 0 = 5*u + p - 1507, -u = -5*u + 5*p + 1223. Suppose 3*d - u = 3*i + 2*i, 2*i = -d + 119. What is the units digit of d?
9
Let o(a) = a**2 - 6*a + 6. Let g be o(7). Let k(d) = -d**2 + g + 4*d - 16 + 7*d**2. What is the tens digit of k(2)?
2
Suppose o - 4*q + 2 = 0, -2*o + 5*q - q - 8 = 0. Let t be (2/3)/(o/(-27)). Suppose 2*r - t*r = -3. What is the units digit of r?
3
Suppose 4*k = 5*o - 9280, 2056 = -4*o + 4*k + 9480. What is the units digit of o?
6
Let l(d) be the third derivative of -d**5/60 + 7*d**4/6 - 19*d**3/6 + 19*d**2. What is the tens digit of l(21)?
2
Let s = -74 - -76. Let i = s - -152. What is the hundreds digit of i?
1
Let z(o) = -2*o + 6. Suppose 5*t + 5*k - 25 = 0, 0 = -2*t + 5*k - 6*k + 10. Let y be z(t). What is the tens digit of (-80)/y*(-7)/(-2)?
7
Let a be (117/21 + -5)*7/2. What is the hundreds digit of 106 - (3 - a)/1?
1
Suppose -676 = -112*q + 111*q. What is the hundreds digit of q?
6
Let z(f) = 22 + 3*f + 66 + 0*f + 0*f. What is the tens digit of z(30)?
7
Suppose -3*c - 4*p = -7 - 15, -20 = -4*c - 3*p. Let a(n) = 0 + 0 - 1 + 8*n. What is the units digit of a(c)?
5
Suppose -10 = -a - 4. Suppose -69 = a*u - 237. What is the units digit of u?
8
Let s be (4/6)/((-16)/(-120)). Suppose -s*w + 4*t + 509 = 0, -3*w + 2*t = -5*w + 218. What is the units digit of w?
5
Let l = -1217 + 1304. What is the tens digit of l?
8
Suppose -2893 = -9*o + 518. What is the units digit of o?
9
Suppose -8 = -18*w + 16*w. Suppose w*u - 3*u = 0, s + 2*u = 56. What is the units digit of s?
6
Suppose 1030 = -300*c + 302*c. What is the units digit of c?
5
Suppose 0 = 11*s - 14*s + 18. What is the hundreds digit of 30/(3/60*s)?
1
Suppose -2*v = 5*d + 246, -2*v + 5*v = -4*d - 201. Let u = d - -98. What is the units digit of u?
0
Let p(w) = -w**3 + 27*w**2 + 41*w + 31. What is the units digit of p(28)?
5
Let n(d) = d**3 + 5*d**2 - 3*d - 9. Let b be n(-5). Suppose -3*h + b = 0, -2*f = 4*h - 7*h - 124. What is the tens digit of f?
6
Let b = 671 - -601. What is the units digit of b?
2
Let d(x) = -x**2 + 4*x + 0*x - 1 + 0*x**2. Let i be d(3). What is the units digit of 41 - 8 - 2/i?
2
Let g = 387 - 177. What is the tens digit of g?
1
Let q = -1 - -3. Suppose 4*d = 2*g + 8, q*d = 5*g - 0*d + 20. What is the units digit of 39 - 3*g/3?
3
Let s = 15708 + -10054. What is the thousands digit of s?
5
Let m = 4881 + -1998. What is the thousands digit of m?
2
Suppose 0 = -2*t, -3*c - 38 = -c + 3*t. Let l = -5 - c. What is the tens digit of l?
1
Suppose 0*r = 4*r - 2*y - 2596, -2*r - 2*y = -1286. What is the units digit of r?
7
Suppose -3*s + 75 = -j, 4*j + 371 = 5*s + 71. What is the tens digit of (-2)/(1 + j/72)?
4
Let j be -1 + (1 - -2 - 26). Let a be (j/(-16))/(2/68). Let c = -26 + a. What is the units digit of c?
5
Let h = -3436 + 5955. What is the thousands digit of h?
2
Let d(l) = -2*l + 14. Let o be d(8). What is the units digit of 4 + 1 + -3 - 198/o?
1
Suppose 2*v + 5232 = 6*v - 2*t, -2*v - 2*t + 2604 = 0. What is the hundreds digit of v?
3
What is the hundreds digit of -6 - (4 - ((-30)/(-6) - -948))?
9
Let x(q) = -2*q**3 - 7*q**2 + 6*q. Let d be x(-6). Suppose 5*o - 605 = 2*h, 9*o - d = 8*o + 5*h. What is the hundreds digit of o?
1
Let l = 42 - 42. Let z(p) = -p**3 + p**2 + 2*p + 89. What is the units digit of z(l)?
9
Let u(j) = -j**3 - 4*j**2 + 3*j + 37. What is the units digit of u(-5)?
7
What is the units digit of (48 - -1) + 3 + 0/(-4)?
2
Suppose -j + 2*z = -0*z - 4, 5*j - 5*z = 10. Suppose -4*x + 248 = -j*x. What is the tens digit of x?
6
Let s(i) = i**3 + 6*i**2 - 6*i + 4. Let u be s(-7). Let q(b) = 10*b**2 + 7*b + 4. What is the tens digit of q(u)?
7
Let k(o) = -o**2 + 10*o - 12. Let a be k(9). Let l be ((-6)/4)/(a/6). What is the units digit of -1 + 6 + l*-1?
2
Suppose -2 = 4*a - 14. Suppose 4*o + v = 151, a*o - 5*v - 30 - 112 = 